56). Let k(x) = -5*x - 6*x**2 - x**3 + 7*x + u - 6*x. Calculate k(-5).
-4
Let u(q) = q**2 + 2*q + 1. Suppose 0 = -9*r + 10*r + 3. Give u(r).
4
Let f(j) = -j. Let c(g) = 14*g**2 - 25*g - 24. Let u(n) = 9*n**2 - 17*n - 16. Let q(l) = -5*c(l) + 8*u(l). Let k be q(6). Give f(k).
2
Let t = 9 - 4. Let d be -4*(0/(-2) + t/10). Let z(m) = -5*m - 3. Give z(d).
7
Let i(u) = -25 + 12 + 8 - u + 2*u. Give i(12).
7
Suppose 1 = i - 2. Suppose i*v - 23 = 2*w, 7*v - 49 = 2*v - 2*w. Let l(b) = -b**2 + 10*b + 2. What is l(v)?
11
Let u = 298 - 285. Let m(x) = -x - 1. Give m(u).
-14
Let r(z) = -2*z + 5. Let q(s) be the third derivative of s**4/6 - 3*s**3/2 + 3*s**2. Let c(t) = -4*q(t) - 7*r(t). What is c(-1)?
3
Let y(k) = -k**3 - 5*k**2 - 3. Let c be 3 + 38/(-14) - 15/(-21). Let m be -3 - ((1 - c) + 2/1). Determine y(m).
-3
Let c(n) = -2*n**2 - n. Let t(b) = -4*b**2 - 2*b - 1. Let x(a) = 7*c(a) - 4*t(a). Let j be 3/1*(9 + -10). Calculate x(j).
19
Let j(h) = -4*h + 22 + 3*h + 22 - 42. Let z = 2 - 4. What is j(z)?
4
Let p(s) = -s**3 - 8*s**2 - 9*s. Suppose 0*b = 3*b - 5*x + 6, -4*x = -5*b - 23. What is p(b)?
14
Let m(r) = -3*r**2 + 10*r + 13. Let c(d) = -2*d**2 + 6*d + 7. Let u(z) = 5*c(z) - 3*m(z). Determine u(-4).
-20
Let l(u) = 3*u**2 + u + 1. Let i = -1 - -3. Suppose 4*y = 4 + 4. Suppose -4*w - 12 = 2*r + w, -y = -2*r + i*w. What is l(r)?
3
Let a(o) be the third derivative of o**7/2520 + 7*o**5/120 + 5*o**4/12 - 7*o**2. Let i(k) be the second derivative of a(k). What is i(0)?
7
Let z(v) = 3*v**2 - v + 4. Let d(r) = -4*r**2 + r - 5. Let w(t) = -2*d(t) - 3*z(t). Suppose 10 = -10*b + 5*b. Let u be ((-1)/(-2))/(b/(-8)). Give w(u).
-4
Let r(s) = -2*s**3 - 6*s**2 + 8*s + 1. Let q(t) = -5*t**3 - 19*t**2 + 27*t + 3. Let k(p) = 3*q(p) - 8*r(p). Determine k(6).
-5
Suppose g = -0*g + 5*l + 9, -2*g - 2*l - 18 = 0. Let j(s) be the third derivative of s**5/60 + 7*s**4/24 + s**3/2 - 10*s**2. What is j(g)?
-3
Let i(k) = 3*k**2 + 6*k + 1. Let m(o) = -13*o**2 - 26*o - 5. Let j(f) = -9*i(f) - 2*m(f). Calculate j(4).
-23
Let s(k) = k**2 + 14*k + 10. Let v = -163 + 151. Give s(v).
-14
Let b(k) = k**3 - 5*k**2 - 3*k + 7. Let a be 2 + (-2 - -5) + 0. Determine b(a).
-8
Let h(j) = -6*j**3 - 9*j**2 - 10*j - 2. Let g(f) = 7*f**3 + 10*f**2 + 11*f + 3. Let w(b) = 5*g(b) + 6*h(b). Give w(-4).
23
Let u(q) = q**2 + 5*q - 4. Let h(z) = -3*z**2 - 4*z - 3. Let b be h(-2). Calculate u(b).
10
Suppose -m + 2*m + 9 = -4*s, -m - 1 = -4*s. Let u(t) be the second derivative of -t**4/12 - 5*t**3/6 - 3*t**2 - 3*t. Calculate u(m).
-6
Let f(p) = p**2 - 6*p - 2. Let s(h) = h**3 - 5*h**2 + 5*h + 4. Let w be s(4). Let y(x) = x**2 - 8*x + 6. Let z be y(w). Calculate f(z).
-2
Let i be 2 - (2 - 3) - (3 - 3). Let z(k) = 3206 - k - 3205 - i*k**2 - 2*k**2. Calculate z(1).
-5
Let h(l) be the third derivative of -l**6/120 + l**5/30 + l**4/12 + 4*l**3/3 - 360*l**2. Calculate h(4).
-16
Let t(r) be the third derivative of -r**4/8 - 5*r**3/6 - 475*r**2. Give t(-5).
10
Let p(u) be the second derivative of u**7/1260 + u**6/180 + u**5/24 + 8*u**4/3 - 3*u. Let l(i) be the third derivative of p(i). Give l(-4).
21
Let r(f) be the third derivative of -f**6/60 + f**4/12 + 56*f**2 + f. Give r(2).
-12
Let b(g) be the third derivative of -g**5/60 - g**4/3 - 3*g**3/2 + 2*g**2. Suppose -6*n - 200 = -8*n. Let k = n + -107. Give b(k).
-2
Let s(l) = l**3 + 14*l**2 - 13*l - 17. Suppose -a + 3061 = 3076. Determine s(a).
-47
Let n(y) = 4*y**2 - y - 1. Let x be (12/15 + -2)*-5. Let w = 13 - x. Let c = w - 8. Give n(c).
4
Let g be (-2)/(-3 + (-22)/(-8)). Suppose -7*s + 9*s = -g. Let r(u) = u**2 + 3*u. Give r(s).
4
Let a(o) = -8*o**2 - 7*o + 1. Let x(f) = f. Let w(g) = a(g) + 5*x(g). Suppose -23 = -2*q - 21. Determine w(q).
-9
Let r(m) = m**2 - 2*m - 8. Let y(k) = -2*k**2 + 5*k + 16. Let n(f) = -5*r(f) - 3*y(f). Suppose 3*u = 4*u - 7. Determine n(u).
6
Let z(x) = 21*x**3 + 4*x**2 - 3*x + 1. Let t be z(2). Let q(a) = -93 + t - a - 99. Determine q(-7).
-6
Let g(s) = -s**2 + 8*s - 5. Suppose 4*w - 20 = -5*j, 2*j + w = 6*w + 41. Determine g(j).
-5
Let f(n) = -2*n**3 + 4*n + 1. Suppose 16 = 4*p + 4*u, -3*p + 5*p - 6 = -u. Calculate f(p).
-7
Let y(l) = -l**3 + 5*l**2 - 5*l + 2. Let s be 130/4 + (-3)/(-6). Suppose -5*i - r + 16 + s = 0, -i + 3*r - 3 = 0. Let g = i + -6. Calculate y(g).
5
Suppose 0 = -3*m + 3*q + 24, -6 = -2*m - 5*q - 18. Let n(k) be the first derivative of -k**2/2 - k + 2. Calculate n(m).
-5
Let v(w) = 9*w - 83. Let i(j) = 7*j - 79. Let a(h) = 6*i(h) - 5*v(h). Determine a(-21).
4
Let z(o) = -o**2 - 3*o + 13. Suppose 0 = 16*m - 84 + 228. What is z(m)?
-41
Let y(h) = -h**2 - h**2 + 3*h + 3*h**2. Let r(c) = 3*c**2 - 112*c + 33. Let o be r(37). Calculate y(o).
4
Suppose 0*x = 3*x - 6. Let q(w) = w + 8. Let k be q(-4). Suppose -2*r - 33 = 5*m, -x*m - 27 + 1 = k*r. Let f(y) = y**3 + 6*y**2 + 4*y - 2. Calculate f(r).
14
Let z(i) = -i + 2. Suppose -4*j = -6*j + 10. Suppose j + 5 = 2*a. Determine z(a).
-3
Let g(l) = -1. Let s(w) = -w - 19. Let d(b) = 3*g(b) - s(b). What is d(0)?
16
Let n(k) = 5*k**2 - 3*k + 5. Let w(p) be the first derivative of -14*p**3/3 + 4*p**2 - 14*p - 2. Let b(s) = 17*n(s) + 6*w(s). Give b(3).
1
Suppose 3*c - 41 - 16 = 0. Suppose -3*w + 7 = -3*z + c, 0 = z - 4*w + 2. Let t(s) = s + 3. Calculate t(z).
9
Suppose -31 - 36 = 18*a - 13. Let g(o) = o**3 + 1. Let u(d) = -7*d**3 - 2*d**2 + d - 3. Let z(h) = -6*g(h) - u(h). Give z(a).
-9
Let i = 19 + -13. Let r = 8 - i. Let f(a) = a**3 - 1 + 10 + 2*a**2 + a**r - 6 + 4*a. What is f(-2)?
-1
Let x(l) = -5*l - 26. Let z be x(-4). Let g(p) be the second derivative of p**3 + 9*p**2 + p. Let u(b) = 2*b + 6. Let i(r) = -3*g(r) + 10*u(r). What is i(z)?
-6
Suppose 3*d + 4*d = -441. Let b = d - -65. Let r(a) = 2*a**2 - 2. Give r(b).
6
Let b(d) = 27*d**2 + 7*d - d**3 - 2*d - 14 - 28*d**2 - 5*d**2. Calculate b(-7).
0
Let d = -56 + 58. Let o(g) = 0*g - 28 + g - d*g + 25. Let t(r) = -r**2 + r - 5. Let x be t(0). Calculate o(x).
2
Let p(g) = 2*g + 13. Let h = 46 + -49. Let c be ((-5)/2 + h)*2. Calculate p(c).
-9
Let d(s) be the second derivative of -s**3/6 + s**2/2 - 144*s. Give d(4).
-3
Let w = -225 - -227. Let s(l) = -3*l**2 + 2*l + 1. Determine s(w).
-7
Let s be (-8)/(-12)*-3 - 1. Let i be 2/s - 4/(-6) - -2. Let o(h) = -h**2 - 2. Give o(i).
-6
Suppose -2*s - 11 = -3. Let h(m) = m**3 + 14*m**2 + 12*m - 7. Let r be h(-13). Let w be (-3)/r + 10/s. Let y(i) = -i + 3. What is y(w)?
6
Let b(t) = t**2 - 2*t - 1. Let a be (28/(-12))/((-2)/12) - -3. Suppose 12*c = a*c - 15. Calculate b(c).
2
Let y(p) = -6*p**2 - p. Let v(o) = o**2. Let n(b) = -5*v(b) - y(b). Let z(r) = -4 - 3 + 6 + r. Let w(h) = -n(h) + 2*z(h). What is w(2)?
-4
Let a(u) be the second derivative of -u**4/4 + u**3/3 + u**2/2 - 11*u. Determine a(3).
-20
Let b(y) = 23*y + 8. Let u(j) = 12*j + 4. Let r(a) = 3*b(a) - 5*u(a). Determine r(-4).
-32
Let j(y) be the third derivative of y**5/60 + y**4/8 + 2*y**3/3 + 548*y**2. Suppose -3*i + i - 2 = 0. Let v be (i*4 - -1) + 0. What is j(v)?
4
Let x be ((-66)/(-24))/(-11) + 21/4. Let s(n) = -n + 5. Calculate s(x).
0
Let c(t) = t - 13. Let h(r) = r - 7. Let i(d) = -2*c(d) + 5*h(d). Give i(0).
-9
Let w(f) = -f**2 - 26*f + 92. Let n be w(-29). Let u(c) = c**3 - 5*c**2 + c + 3. Determine u(n).
8
Let w(l) = -l**3 - 4*l + 4. Let i be w(0). Let n(d) = -i*d**2 - 3 - d**2 + d**3 + 12*d**2. Give n(-7).
-3
Let j(c) be the first derivative of -c**5/20 + c**4/12 + 5*c**3/6 - 3*c**2/2 + 24*c + 8. Let t(o) be the first derivative of j(o). Calculate t(3).
-6
Suppose -4 = o - 0*o. Suppose 3*y = -3*a + 16 + 5, 2*y = -a + 17. Let i(h) = -2 + 0*h - 2 + 3*h + y. Give i(o).
-6
Suppose 0 = 4*y - 5*i, 2*y + 0*y - i = 6. Let r(q) = q - y + 0*q - q**3 - 3*q**2 + 2*q. Let g be r(-4). Let h(k) = 3*k**3 + 1. Give h(g).
-2
Let q be ((-42)/8 - -5) + (-3)/4. Let f(r) = -5*r**3 + 1. Determine f(q).
6
Let y(u) = -2*u + 3. Suppose 9*p = 3 - 21. Calculate y(p).
7
Suppose -3*h = -3, -2*h - 23 = -2*k + k. Let y(w) = -4 - k*w**2 + 17*w - 16*w + 4. Determine y(1).
-24
Let g(n) = -2*n + 3. Suppose 4*i + i = 0. Let k = 7 - i. Determine g(k).
-11
Let o(x) = x**3 + 2*x**2 - 3*x - 3. Let s(d) = 9*d - 3. Let n = 7 - 5. Let t be s(n). Suppose 4*y - t = 9*y. Determine o(y).
-3
Let v(o) = 3*o + 2*o - 4*o + 12*o**2. Give v(1).
13
Let f(d) = 